t of ((w - v) + 2)/1?
8
Let i(c) = 4*c - 1. Let m be i(1). What is the units digit of 3/(-9) + 34/m?
1
Suppose -5*h + 50 = -4*b - b, -5*b - 42 = -h. Let s(g) = g**2 + 8*g + 12. What is the tens digit of s(b)?
1
Suppose 4*o = s - 16, -s - 17 = 4*o - 1. What is the units digit of (6 - 3)*(1 + s)?
3
Let w = -10 - -13. What is the tens digit of w/12 + (-165)/(-12)?
1
Suppose 178 = -9*s + 11*s. What is the tens digit of s?
8
Suppose 0 = 3*d - 352 + 16. What is the units digit of d?
2
Let b = -13 + 28. What is the units digit of (b/9)/((-3)/(-9))?
5
Suppose -n + 0 = -3. Suppose 0 = -2*f - 0*f - v + 39, 0 = n*f + v - 56. Suppose -2*h - o + f = 0, 4*h = -o - 3 + 40. What is the units digit of h?
0
What is the hundreds digit of (-2 + 4)/((-1)/(-58))?
1
Let w(j) = -j**2 - 9*j - 4. Let f be w(-8). What is the tens digit of 36 - 4/((-4)/f)?
4
Suppose -b - 2*b + 222 = p, b - 74 = -4*p. Let v = b + -51. What is the tens digit of v?
2
What is the units digit of (1 + -3)*(-23 - -1)?
4
Let f = 28 - -12. What is the units digit of f?
0
Let k = -8 - -11. Suppose -33 = -4*d + k*d. What is the units digit of d?
3
Let t = -14 + 65. What is the units digit of t?
1
Let c(i) = 4 - 11*i + 0*i + 2*i. Let h be c(4). What is the units digit of h/(-3) + 1/3?
1
Let r = -8 + 8. Suppose 5*t + 5*i - 27 = 3*t, -5*t + i + 81 = r. What is the units digit of t?
6
Let i(a) = 9*a**2. Let g be i(-1). Let m(s) = 5*s - 1 + g - 6*s. What is the units digit of m(4)?
4
Let v(y) = -334*y + 1. Let n be v(1). Let x = 234 + n. What is the tens digit of ((-2)/6)/(3/x)?
1
Suppose u - 5*g = -0 - 1, -3*g + 19 = 4*u. Suppose 5*f = 5*h - 20, -2*h - 3*f + 11 = -u*f. What is the units digit of h?
7
Suppose -352 = -3*n - 58. Let i = n - 50. What is the tens digit of i?
4
Let g = 42 + 2. What is the units digit of g?
4
Suppose -z + 4 = 2*o - 4, o - 4 = 0. Suppose z = -m + 21 + 8. What is the tens digit of m?
2
Suppose 4*n - 41 - 135 = 0. What is the units digit of n?
4
Suppose 3*s - 2*c = 2*c - 1, s - c = 1. What is the units digit of s?
5
Let b(y) = -29*y**3 + y**2 - 1. What is the units digit of b(-1)?
9
Let v(m) = -10 + 0*m**2 + 12*m + 2*m**2 - m**2. Let g = 32 - 45. What is the units digit of v(g)?
3
Let x = 89 - 49. What is the units digit of x?
0
Let d(k) = k**3 + 3*k**2 - 2*k - 6. Let j be d(-3). Suppose 5*l - 4*q - 25 = 0, -2*l + 2*q = q - 10. Suppose l*t - 2 - 13 = j. What is the units digit of t?
3
Let r(q) = -q**3 + 3*q**2 + 2*q - 3. Let a be r(3). Suppose a*n - 3*m = 16 + 14, -m = -2*n + 18. What is the units digit of n?
8
Let k = 29 + -7. What is the units digit of k?
2
Let y(o) = 2*o**3 + o + 1. Let q be y(-1). Let s be (1 - q)*1 + -1. Suppose s*x = 5*x - 33. What is the units digit of x?
1
Suppose -5*c - 17 = 5*g - 197, 0 = 3*g + 12. What is the tens digit of c?
4
Let r = 9 - 12. Let c(j) = 3*j**2 + j - 2. What is the units digit of c(r)?
2
Let p = -210 + 356. What is the units digit of p?
6
Suppose 2*c = 4*g + 88, 5*c - 290 = -3*g - g. What is the units digit of -1 + (c/3)/2?
8
Suppose u + 4*g - 22 = -4*u, 5*u - 5*g = -5. Let n = -5 + 8. Suppose -u*b - n*s = -5, -s = b - 2*s. What is the units digit of b?
1
Let o(f) = 2*f**2 + 8*f + 7. Let s(i) = -i**2 - 5*i + 1. Let y = -4 + -2. Let h be s(y). What is the units digit of o(h)?
7
Let a = 0 + 0. Suppose a = h + 3*h + 8. What is the units digit of (15/h)/((-3)/4)?
0
Let p = 53 - 11. What is the units digit of p?
2
Let l(f) be the first derivative of -f**6/120 + f**4/24 - f**3/3 + f**2 - 3. Let x(o) be the second derivative of l(o). What is the units digit of x(-2)?
4
Let q be 0/(-1) + (0 - -1). Let s = 6 + q. What is the units digit of s?
7
Let r = -4 - -62. What is the tens digit of r?
5
What is the units digit of (-2)/(-16) + 7557/88?
6
Let t(l) = -l**2 + 6*l + 9. Let i(d) = -d**3 + 5*d**2 - 2*d - 4. Let q be i(4). Suppose -5*j = -a - 3, -q*j + 1 = -a - 0. What is the units digit of t(a)?
2
Let s = 28 - -12. What is the units digit of s?
0
Let r(m) = -m**3 + 5*m**2 + m + 13. What is the units digit of r(4)?
3
Suppose 2*b + 9*b - 198 = 0. What is the units digit of b?
8
Let p(q) = q**2 + 5*q - 3. Let b be p(-6). Suppose 76 = 4*f - 5*w, 5*f - b*w - 122 = -40. What is the units digit of f?
4
What is the tens digit of 6*(2/(-8) - (-710)/24)?
7
What is the tens digit of 44/22*(-69)/(-2)?
6
Suppose 0 = -4*q - w, -3*q + 5 = -2*q - w. Suppose 0*x - x = -2*c - q, -3*c - 24 = -4*x. Let r = 20 - x. What is the tens digit of r?
1
Suppose 0 = -14*r + 10*r - 84. What is the units digit of r/(-6)*36/21?
6
Suppose 10*r - 35 = 5*r. Suppose -r - 1 = -4*d. What is the units digit of 2 - (1 - 2 - d)?
5
Let c be -3 - -4*(-2)/(-2). Let x be (-15)/(-5) + c + 0. Suppose -13 = p + x*m, -p + 2*m + 4 = -7. What is the units digit of p?
3
Suppose 6 = -4*h + h. Let l be (h + 20)/((-3)/(-2)). Suppose -5*k + k + l = 0. What is the units digit of k?
3
Suppose -5*z + 80 = -5*j + 3*j, -4*z + 5*j = -64. Suppose 4*l = z + 12. Suppose -3*i + l = 2*d - 6, 1 = -i - 2*d. What is the units digit of i?
7
Let x = -26 - -44. What is the tens digit of x?
1
Let k = 59 - 32. Let h(l) = 5*l - 6. Let r be h(4). Let q = k - r. What is the units digit of q?
3
Let s = 10 + -2. Suppose -2*z = -2*p - 4, 3*p = z + 4*z - s. Suppose j + 0 = z. What is the units digit of j?
1
Let a(w) = -w - 6. Let n be a(-9). Suppose 2*s - 2*v + 0*v = 2, -9 = -s + n*v. What is the units digit of 21*((-4)/s + -1)?
7
Suppose -3*b = 3*n + 2*b - 6, 3*n - b - 6 = 0. Let p = 6 + -1. Suppose -p*y = -n*k - 23, k - 4*k = 3*y - 18. What is the units digit of y?
5
Let h(r) = -2*r + 1. Let g be h(2). Let s = g + 8. Suppose -2*j = -9 - s. What is the units digit of j?
7
Let j(o) = 4*o**2 + 5*o + 2. Let g be 4*((-11)/4 + 2). What is the units digit of j(g)?
3
Suppose -i = -3*i - 32. Let v = i - -26. What is the tens digit of v?
1
Let h = 218 - 102. What is the units digit of h?
6
Let t = -301 + 502. What is the hundreds digit of t?
2
Suppose -26 = -3*y + 4*r, 5*y - 20 = -r - 4*r. Let g be (60/25)/(y/80). Suppose -5*m = -4*s - 36, s = 4*m + 1 - g. What is the units digit of m?
8
Let a be 4/(0 + 1 + 1). Let h = a - -3. What is the units digit of h?
5
Let q(p) = -p**2 + 2. Let f(l) = l + 2. Let t be f(0). Let v be 2/(-2) - t/(-2). What is the units digit of q(v)?
2
Suppose -2*k + 10 = -4. What is the units digit of k?
7
What is the tens digit of 9/(-3) - 46/(-2)?
2
Suppose -5*k = -k - 36. What is the units digit of k?
9
Let r(f) = f + 1. Let s be r(-1). Suppose s*j + 3*i + 45 = 2*j, -4*j = 2*i - 130. What is the tens digit of j?
3
Suppose -5*z - 47 = -4*g, -4*g + z + 14 + 21 = 0. Let i = g - 6. Suppose d - o - 18 = 0, 2 = -4*o - i. What is the units digit of d?
7
Suppose 0 = -4*o - 3 + 31. Let w be 4/o*(-21)/(-6). Suppose 2*g = g + w. What is the units digit of g?
2
Suppose -2*k + 5*a + 434 = 0, 0*a = k - 4*a - 214. What is the hundreds digit of k?
2
Suppose -5*i + 2*x = 163, -3*i + 63 = -5*i + 3*x. Let j be (-6)/i + (-291)/(-33). Suppose 12 + j = 3*v. What is the units digit of v?
7
Suppose -2*a - 146 = -2*q, -a + 347 = 4*q + q. Let x be q/25 - 1/(-5). Suppose -5*l = x*c - 20, -4*l + c + c + 16 = 0. What is the units digit of l?
4
Suppose 0 = -3*r + 2*r + 44. What is the units digit of r?
4
Let w(q) = q + 5. Let g be w(-3). What is the units digit of g*4/8 - -2?
3
Let p(m) = m + 22. What is the tens digit of p(0)?
2
Let f = -1 - -71. Suppose l + f = 2*u - l, 4*u = 5*l + 145. What is the tens digit of u?
3
Suppose -4*k + 320 = -5*u, -4*u + 15 + 1 = 0. What is the tens digit of k?
8
Suppose k - p - 5 = 0, -k - 3*p - 1 = -2*k. Let y = -12 - -25. Let q = y - k. What is the units digit of q?
6
Let i(f) = -f**3 - f**2 + f. Suppose 29 + 1 = 3*t. Suppose 2*j = 2*o + 14, -3*o - 3*j - 1 + t = 0. What is the units digit of i(o)?
2
Let w = -3 - 4. Let u(v) = v**3 + 7*v**2 - 2*v - 2. Let d be u(w). Suppose 88 = 5*k - d. What is the tens digit of k?
2
Let j(t) = -2*t - 7. Suppose -w = z + 7, 2*z - 2*w + 2 = 2*w. Let f be j(z). Suppose -5*y = -f*v + 29, 5*v - 2*y = -y + 19. What is the units digit of v?
3
Suppose d = -5, -4*p + 2*d = -9*p + 55. Suppose -15 = -4*r + p. What is the units digit of r?
7
Let v(f) = f**3 - 8*f**2 - 2*f - 2. Let w be v(8). What is the units digit of ((-49)/21)/(2/w)?
1
Let a(z) = 23*z**2 - 2*z + 1. What is th